 -117 + 617. Suppose d*o = o + p. What are the prime factors of o?
5
List the prime factors of (-634)/1*15*10/(-30).
2, 5, 317
Let u = -671 - -1106. What are the prime factors of u?
3, 5, 29
Let z(u) = 15*u**2 - 3*u. Let q be z(2). Suppose 0 = -2*g + 7*g - 20. Suppose g*b - q = 38. What are the prime factors of b?
23
Let v(t) = -t**3 + 4*t**2 - t - 3. Let g be v(3). Suppose 0 = 4*p + g*r + 17, -5*r = 3*p - r + 11. Let l = 10 - p. What are the prime factors of l?
3, 5
Suppose 0 = 4*n - 2*d - 38, 2*n = -0*n + 4*d + 22. Suppose -p = n - 3. Let l(o) = -2*o + 2. List the prime factors of l(p).
2, 7
Let u = 84 + -84. Suppose u = a - 5, 4*a - 61 = -5*v + 179. List the prime factors of v.
2, 11
Let t(w) = 12*w**3 - 4*w**2 + w + 2. List the prime factors of t(3).
293
What are the prime factors of ((-6)/(18/4443))/(1 - 2)?
1481
Let c = -8 + 13. Suppose -9 = -c*v + 1. Suppose -2*k = -3*z + 26, -z = -0*z - 4*k - v. List the prime factors of z.
2, 5
Let i(v) = 2*v**2 - v + 7. Let b be (-1 + -1 + 7)*1. Let k be i(b). Let c = 118 - k. What are the prime factors of c?
2, 3, 11
Let l be 4 - (-6)/(7/(7/(-2))). Let p(d) = 0 + 34*d**3 - 1 - 13*d**3. List the prime factors of p(l).
2, 5
Let d = -1 - 23. Let p = 6 + d. List the prime factors of 79/3 + 6/p.
2, 13
Suppose 4*o - 64 - 196 = 4*p, 0 = -4*o - p + 265. Let h = o + -5. List the prime factors of h.
61
Let k(o) = 62*o**2 - 6*o - 11. What are the prime factors of k(-3)?
5, 113
Let m be (-8)/(-3) + 1/3. Suppose -111*x + 110*x - n + 14 = 0, 3*x - 4*n - 49 = 0. Suppose x = v + m. List the prime factors of v.
2, 3
Suppose 7*s - 6*s + 2 = 0. Let n be (-124)/(-24) + s/12. Suppose 3*v + 4*k = -0*v + 54, n*v - 79 = -3*k. What are the prime factors of v?
2, 7
Suppose -2 = 3*q + 5*c - 14, c - 7 = 4*q. What are the prime factors of (7/(-4))/(q/92)?
7, 23
Let r = 232 + -74. What are the prime factors of r?
2, 79
Suppose 4*l = -2*l - 36. What are the prime factors of l/6*(1 - 43)?
2, 3, 7
Let b(x) = -36*x - 3. Let c be 10/35*(-14)/(-4) + -3. List the prime factors of b(c).
3, 23
Let l(f) = 10*f - 3. Let n be l(2). Let d = n + -15. Suppose -d*u + 17 + 11 = -5*k, k = 5*u - 24. List the prime factors of u.
2
Let r(t) = 31*t**3 - 4*t**2 + 15*t - 1. List the prime factors of r(3).
5, 13
Suppose 233 = -s + 1879. List the prime factors of s.
2, 823
Let b be (-1)/(-2)*(-8 - -60). Let p = 36 - b. Let q = p + 4. List the prime factors of q.
2, 7
Suppose 11*b + 1656 = 2*b. Let g = b - -327. List the prime factors of g.
11, 13
Let h = -3974 + 5755. List the prime factors of h.
13, 137
Let v be (21/28*-2)/(2/(-4)). Suppose 0 = -a + g + 128, 4*a + v*g - 484 = -0*g. What are the prime factors of a?
2, 31
Let k(f) = -3*f**3 - f**2 + 9*f - 2. Let u = -60 + 56. What are the prime factors of k(u)?
2, 3, 23
Let f = -166 - -826. List the prime factors of f.
2, 3, 5, 11
What are the prime factors of (6 + -548)/(240/42 - 6)?
7, 271
Let y(z) = -z**3 + 22*z**2 - 20*z - 21. Let b be y(21). Suppose b = 3*f - f. Suppose -s = -f*s - 14. List the prime factors of s.
2, 7
Suppose -113*b + 105*b + 12760 = 0. List the prime factors of b.
5, 11, 29
Let s(a) = 41 - 4*a**2 - a**2 + 4*a**2 - a**2. What are the prime factors of s(0)?
41
Let m(o) = 2*o**2 + 10*o - 4. Let p(x) = x**2 - x + 1. Let w(y) = m(y) - 3*p(y). Let v be w(12). List the prime factors of 2/v - 114/(-15).
2
Let j = -376 - -1248. What are the prime factors of j?
2, 109
Let o be ((-23)/(-4))/((-2)/(-8)). Let q = 8 + -16. Let f = o - q. List the prime factors of f.
31
Let o = 68 + -59. Suppose -560 = -16*a + o*a. What are the prime factors of a?
2, 5
Suppose -3*a + 0*a = -12. Suppose 5*y - 2 = -3*x + a*x, y = 2*x + 4. Let j = 6 - y. List the prime factors of j.
2, 3
Suppose -5*l = o - 6864, 0 = -2*l - 54*o + 53*o + 2748. List the prime factors of l.
2, 7
Let f be (1/(-3))/(7/42). Suppose 4*s = 4*m - 26 - 66, 0 = 4*s - 3*m + 95. Let q = f - s. List the prime factors of q.
2, 3
Let w = -13 - -2. Let j be w/22 - (-233)/2. Suppose -5*z = -j - 119. What are the prime factors of z?
47
Let s(f) = -f**2 + 8*f. Let p(m) = -2*m**2 + 15*m - 1. Let q(h) = 2*p(h) - 5*s(h). List the prime factors of q(11).
3
Let v = -84 + 224. Let f = -33 + v. List the prime factors of f.
107
Suppose 0 = 17*m - 11225 - 4262. What are the prime factors of m?
911
Suppose 0 = -4*c + 4*v + 68, -4*c + 4*v = -2*c - 32. Suppose -c = -0*o + 2*o. Let j(s) = -5*s - 11. What are the prime factors of j(o)?
2, 17
Let c(x) = x - 6. Let p be c(10). Suppose g = -4*a + 4, p*a - 3 = 4*g + 1. Suppose g = 4*n + n - 80. What are the prime factors of n?
2
Let z be 1/((-10)/2294) - (-10)/25. What are the prime factors of z/(-2) + 2 + 30/(-12)?
2, 3, 19
Let v = 102 - 39. Suppose 2*p = 5*p + v. List the prime factors of (p/14)/(3/(-36)).
2, 3
Let j be (-32)/20*10/(-4). Suppose u = -j + 60. List the prime factors of u.
2, 7
What are the prime factors of -296*((-10)/15)/(8/12)?
2, 37
Let n(g) = 24*g**2 + 4*g + 5. Let q be n(-3). Let j = q + -148. List the prime factors of j.
61
Let f = 20 - 14. Let p = -4 + f. Let m = p + 2. What are the prime factors of m?
2
Suppose 5*x = x - 100. Let f = x - -24. Let v(i) = -13*i**3 + i**2 - 1. What are the prime factors of v(f)?
13
Let o(y) = 25*y**2 - 14*y + 29. What are the prime factors of o(9)?
2, 241
Suppose 2309 = 5*f + x, -1836 = -4*f + 2*x - 0*x. List the prime factors of f.
461
Suppose -17679 = 7*j - 11*j + v, 2*v = 5*j - 22101. What are the prime factors of j?
3, 491
Suppose 9 = -0*c + c. Let q(d) = 20*d - 21. List the prime factors of q(c).
3, 53
Let c(r) = -r**2 - 107*r - 27. What are the prime factors of c(-36)?
3, 281
Let t(k) = k**2 + 15*k + 12. Let q be t(-15). What are the prime factors of (q/(-1))/((-9)/168)?
2, 7
Let y be -7*(48/14)/4. List the prime factors of 308/6 - (-2)/y.
3, 17
Suppose -2*m = -3*m + 4. Suppose -210 = -5*l + u + 52, 2*l - 96 = -m*u. What are the prime factors of l?
2, 13
Suppose 4*r - 4*d = 1752, -2*r - 3*d - 2*d + 890 = 0. Suppose 0*s = -4*n + 2*s + r, -4*s = 2*n - 240. What are the prime factors of n?
2, 7
Let a be ((-126)/70)/((-6)/310). Suppose 2*t = 5*t - 6. Suppose -t*y = 2*o - 50, 9*y - 4*y - 3*o - a = 0. List the prime factors of y.
3, 7
Let u(i) be the first derivative of i**4/12 - 2*i**3/3 - 5*i**2/2 - 4*i - 1. Let f(y) be the first derivative of u(y). What are the prime factors of f(-4)?
3
Suppose -3*f - 14 = -f. Let v = -9 - f. What are the prime factors of (-477)/(-27) + v/3?
17
List the prime factors of (24*7)/((6 - 2)/24).
2, 3, 7
Let t(d) = 399*d - 20. What are the prime factors of t(3)?
11, 107
Let m(z) be the third derivative of z**5/15 - 5*z**4/24 - z**3/3 + 2*z**2. Let k be m(4). Let h = -27 + k. What are the prime factors of h?
3, 5
What are the prime factors of 0*3/30 - -4928?
2, 7, 11
Let t(v) = 45*v**3 + 2*v**2 + 2 - v**2 + 2*v**2 - 4*v. Let r be ((-40)/160)/((-2)/8). What are the prime factors of t(r)?
2, 23
Suppose w - 2394 = -2*s - 0*s, 5*s - 5996 = 3*w. What are the prime factors of s?
2, 599
Let c(g) = 73*g + 81. What are the prime factors of c(6)?
3, 173
Let s be ((-6)/(-5))/((-45)/(-150)). Suppose 0 = -5*o - s*o + 531. What are the prime factors of o?
59
Suppose -6*d + 3128 = 11*d. What are the prime factors of d?
2, 23
Suppose -15*f + 7325 = 1250. List the prime factors of f.
3, 5
Let q(i) = i**2 + i + 17. Let f be q(0). Suppose 20*r = f*r - 12. What are the prime factors of (-948)/(-48) - 1/r?
2, 5
Suppose -302*h + 305*h = 1470. What are the prime factors of h?
2, 5, 7
Let h(f) be the third derivative of f**5/6 + f**4/3 - 13*f**2. What are the prime factors of h(-4)?
2
List the prime factors of 3 + -2 + 257 - (12 + -10).
2
Suppose u - 2*u - 4*w - 3 = 0, -2*w - 3 = -u. Suppose -4*n - n + u = -2*g, -4*g = -2*n - 6. Let t = g + 32. List the prime factors of t.
2, 17
Suppose 98 + 77 = 5*w - l, 160 = 5*w + 2*l. Let t be (-1 + -3)/(4/18). Let a = t + w. List the prime factors of a.
2
Suppose 2*y + 1 = 5*l, y + 2*l = 6*l - 5. Let m(q) = 2*q - 3. Let f be m(3). Suppose -y*k + b + 96 = -f*k, -24 = -k + 2*b. What are the prime factors of k?
2, 3
Suppose 49 - 5 = -4*w. Let i = 14 + w. Let r(q) = 11*q - 2. What are the prime factors of r(i)?
31
Let u(k) = k + 7. Let n = -21 - 1. Let x = -18 - n. List the prime factors of u(x).
11
Suppose 3*q + 1634 =